 what is b + 36?
45
In base 9, what is -4022 + -3?
-4025
In base 11, what is 58 - 50?
8
In base 16, what is 2 - -110?
112
In base 5, what is -10 - -102?
42
In base 12, what is 8 + -11?
-5
In base 7, what is -5 + -31?
-36
In base 11, what is -13 + 1a8?
195
In base 8, what is 1102 - 14?
1066
In base 7, what is 516 + -2?
514
In base 2, what is 100001111 - 10?
100001101
In base 6, what is -1021 + 51?
-530
In base 8, what is 2001 + -2?
1777
In base 15, what is 5 - -3e?
44
In base 10, what is 0 + 33?
33
In base 16, what is -5b - 89?
-e4
In base 6, what is -20 - 45?
-105
In base 6, what is -3130 - 4?
-3134
In base 4, what is -13303 - 10?
-13313
In base 9, what is -251 + 1?
-250
In base 14, what is 4 - -b?
11
In base 10, what is 97 + 6?
103
In base 10, what is -16 + -252?
-268
In base 5, what is -33 + -101?
-134
In base 8, what is -1 - -31?
30
In base 12, what is -12 - -77?
65
In base 9, what is -81 - 23?
-114
In base 4, what is -233 + 2322?
2023
In base 6, what is -5 + 323?
314
In base 14, what is -2 + -6b?
-6d
In base 3, what is -1002 - 101?
-1110
In base 3, what is -2001201 - -1?
-2001200
In base 12, what is 283 - -9?
290
In base 13, what is 2 - -59c?
5a1
In base 10, what is 23 - -538?
561
In base 3, what is 200 + -20?
110
In base 16, what is 1fc - c?
1f0
In base 13, what is -54b + 5?
-546
In base 5, what is 300 + -3?
242
In base 6, what is 3 - 11004?
-11001
In base 12, what is -4a - -3?
-47
In base 15, what is 2 - -7b?
7d
In base 16, what is 3 + -395?
-392
In base 3, what is -1 + 1002?
1001
In base 16, what is 1 - -82?
83
In base 6, what is -1 + 204?
203
In base 16, what is 20 - 0?
20
In base 7, what is 10 - -2?
12
In base 6, what is 101 - -1?
102
In base 13, what is 40 + 11?
51
In base 16, what is 24f + 5?
254
In base 12, what is 56 - 2?
54
In base 3, what is 11 - 1100?
-1012
In base 5, what is 14 - 13?
1
In base 5, what is 2442402 + -3?
2442344
In base 13, what is -9 - -2?
-7
In base 16, what is -2 + -4d4?
-4d6
In base 12, what is 1bb - 8?
1b3
In base 14, what is 1 + 330?
331
In base 4, what is -3 - -1222?
1213
In base 12, what is -333b + -2?
-3341
In base 9, what is -2 - 8?
-11
In base 13, what is ab + 19?
c7
In base 11, what is 0 + -10?
-10
In base 9, what is -50 - 4?
-54
In base 10, what is 204 + 0?
204
In base 10, what is 6 - 482?
-476
In base 9, what is 6 - -172?
178
In base 7, what is 2 + -3623?
-3621
In base 11, what is 9941 - -5?
9946
In base 11, what is -9 - 21?
-2a
In base 3, what is -12 + 1002?
220
In base 2, what is 110 + 101100?
110010
In base 11, what is -5 + 32?
28
In base 16, what is 4f4 - -9?
4fd
In base 15, what is 3 + 19?
1c
In base 3, what is -12 - -10111?
10022
In base 14, what is -409 - -1?
-408
In base 15, what is -3d - -a?
-33
In base 2, what is -10110 - 1?
-10111
In base 11, what is -8 - -8?
0
In base 7, what is 211 - -5?
216
In base 2, what is 111 + 11101100?
11110011
In base 7, what is 10 + 63?
103
In base 14, what is 422 + 0?
422
In base 2, what is -1111 - 11000011111?
-11000101110
In base 7, what is -4 + -454?
-461
In base 9, what is 1 + -12703?
-12702
In base 4, what is -1 - 221?
-222
In base 3, what is -1001020 - -2?
-1001011
In base 7, what is -265 + -4?
-302
In base 3, what is -12112 + -12?
-12201
In base 10, what is 1209 - 1?
1208
In base 16, what is -4 - 7e?
-82
In base 2, what is -1100100 + 111000?
-101100
In base 3, what is 222 - -10211?
11210
In base 8, what is 3 + -73?
-70
In base 13, what is -3 - 5?
-8
In base 14, what is -2 - -31a?
318
In base 2, what is 10011 - -11001?
101100
In base 8, what is 157 + -3?
154
In base 7, what is 3 - -1505?
1511
In base 8, what is 5 + -2512?
-2505
In base 14, what is 248 - 2?
246
In base 4, what is 2 + -3100?
-3032
In base 12, what is -246 - 1?
-247
In base 4, what is -10 + 11232?
11222
In base 10, what is 1 - 34?
-33
In base 10, what is 2079 - -6?
2085
In base 2, what is 10110011 + -11011?
10011000
In base 10, what is 10 - -223?
233
In base 11, what is 3 + -2135?
-2132
In base 6, what is 3 + -13202?
-13155
In base 13, what is 1b - 9?
12
In base 4, what is 131202 + -2?
131200
In base 7, what is 5 - -10042?
10050
In base 11, what is 6a6 - 7?
69a
In base 9, what is 302 - 0?
302
In base 2, what is 10 - 1011110?
-1011100
In base 6, what is -3 + -3352?
-3355
In base 8, what is -37 + 45?
6
In base 5, what is 42 + 0?
42
In base 2, what is -10001110 - 10?
-10010000
In base 14, what is -5 - -720?
719
In base 6, what is 11 - -252?
303
In base 16, what is 2 + -4a?
-48
In base 12, what is b + 2?
11
In base 3, what is -1221 + 11?
-1210
In base 12, what is -974 - 2?
-976
In base 15, what is -693 + 2?
-691
In base 13, what is -684 + -6?
-68a
In base 7, what is 0 - 265?
-265
In base 5, what is -1101 - -4?
-1042
In base 16, what is 2 + -2d?
-2b
In base 14, what is -5ac9 - 3?
-5acc
In base 12, what is 6 + -55?
-4b
In base 11, what is -4 + 1a2?
199
In base 9, what is 60 - 1?
58
In base 6, what is -4 - -25313?
25305
In base 11, what is 4 - -43?
47
In base 7, what is 330010 - -1?
330011
In base 6, what is -43051 + 1?
-43050
In base 14, what is 52a - 5?
525
In base 6, what is -1 + 103?
102
In base 8, what is -11212 - 4?
-11216
In base 10, what is -13 + 11?
-2
In base 8, what is 7 - -27?
36
In base 6, what is 1 - -1525?
1530
In base 12, what is 5 + -16?
-11
In base 12, what is 3 - 1b90?
-1b89
In base 14, what is 1d + cd?
10c
In base 10, what is 1 + 379?
380
In base 5, what is -1424 - 4?
-1433
In base 14, what is 1 - 351?
-350
In base 11, what is 2 + -1277?
-1275
In base 8, what is 7 - -16?
25
In base 11, what is 0 - 12?
-12
In base 11, what is -1 - -187?
186
In base 8, what is 5 - 340?
-333
In base 9, what is 447 - -1?
448
In base 12, what is -7488 - -3?
-7485
In base 8, what is 12 + 40?
52
In base 11, what is 21a + 1?
220
In base 11, what is 1 - 8?
-7
In base 2, what is 100 - -1001?
1101
In base 5, what is -1 + 442?
441
In base 6, what is -251 - 5?
-300
In base 13, what is c - -11?
20
In base 12, what is 2bb + -1?
2ba
In base 6, what is 3 + 154?
201
In base 12, what is -a3 - 4?
-a7
In base 2, what is 110 - -11101011?
11110001
In base 7, what is 6 + -6?
0
In base 11, what is 146 - -2?
148
In base 7, what is -200 - 42?
-242
In base 9, what is -4 + -581?
-585
In base 4, what is -11 - -3033?
3022
In base 8, what is 56 + -10?
46
In base 6, what is -2 - 205?
-211
In base 13, what is -3 + 30?
2a
In base 14, what is -103 + -4?
-107
In base 12, what is 9a1 + 0?
9a1
In base 5, what is 0 + 103?
103
In base 13, what is -85 + -17?
-9c
In base 7, what is 12603 - 2?
12601
In base 2, what is -1000110 + -1000?
-1001110
In base 5, what is 101 + 0?
101
In base 12, what is -5 + 0?
-5
In base 7, what is -3 + 24?
21
In base 6, what is 152430 + -2?
152424
In base 16, what is 4f3 - -4?
4f7
In base 8, what is -2 + 45?
43
In base 15, what is b1 + 4?
b5
In base 11, what is -206 + -3?
-209
In base 7, what is 11235 - -2?
11240
In base 13, what is -8 - 4?
-c
In base 15, what is 3 - 3?
0
In base 15, what is -2 - 35?
-37
In base 10, what is 88 - 3?
85
In base 7, what is 66 + 305?
404
In base 5, what is 4 - 133402?
-133343
In base 14, what is -38 + -1?
-39
In base 12, what is 0 - 7a?
-7a
In base 2, what is -1100111 + -1100?
-1110011
In base 12, what is 1036 + -5?
1031
In base 2, what is -10 + 1111?
1101
In base 2, what is -1 + -1001011000?
-1001011001
In base 13, what is -aa5 + -2?
-aa7
In base 2, what is 110101111000 + 11?
110101111011
In base 16, what is -28a + -5?
-28f
In base 7, what is -55 + -34?
-122
In base 13, what is -3a9 + 0?
-3a9
In base 4, what is 2102 - 220?
1222
In base 11, what is 10988 + 3?
10990
In base 9, what is 88 + -7?
81
In base 5, what is 13 - 10340?
-10322
In base 10, what is -1 + -3935?
-3936
In base 6, what is -44 - -3?
-41
In base 7, what is 5 - 121?
-113
In base 15, what is -383 + 3?
-380
In base 6, what is -4 + 12443?
12435
In base 10, what is -4 + 781?
777
In base 3, what is 110100 - -11?
110111
In base 5, what is 144223 + 2?
144230
In base 2, what is 10 + 10111?
11001
In base 8, what is -5200 + 7?
-5171
In base 6, what is -23 - -53?
30
In base 6, what is -5245 + 3?
-5242
In base 6, what is 22 - 1125?
-1103
In base 15, what is -22 - -58?
36
In base 10, what is 1 + -110?
-109
In base 3, what is 0 - 2202?
-2202
In base 6, what is 13 + -41?
-24
In base 16, what is -1bd - 1?
-1be
In base 11, what 